 - 12. Let r(k) = -k**2 + 10*k. Let h be r(10). Suppose h = -2*m + m + 8. What is the greatest common divisor of v and m?
4
Let i(f) = -f**3 - 7*f**2 - 2*f + 7. Let r be i(-8). Suppose -5*a + r = -33. What is the highest common divisor of a and 6?
6
Let f = -5 + 14. Let z be 2/4*244/2. Let g be z*1 - (-3 + 1). Calculate the highest common divisor of f and g.
9
Let h(a) = -a**3 - a**2 - a + 6. Let t = 3 + -3. Let i be h(t). Calculate the greatest common divisor of i and 9.
3
Let a be -62 - 0 - 0 - -1. Let r = a + 94. What is the greatest common divisor of r and 3?
3
Let z(p) = 42*p - 46. Let y be z(3). Let u = -22 - -38. Calculate the highest common factor of y and u.
16
Let z = 0 - -31. Calculate the greatest common factor of 62 and z.
31
Suppose 0 = -l - 4*q - 6 - 5, 4*l = -4*q - 8. Let g = 7 - l. What is the highest common factor of 12 and g?
6
Let w = 12 + -9. Suppose 4*b + j - 97 = 0, -4*j - 116 = -w*b - 2*b. What is the greatest common divisor of b and 48?
24
Suppose 30 = 6*m - m. Suppose -4*j - 46 = -5*n, -2*n - 2 = 2*j - 6. Calculate the highest common divisor of m and n.
6
Suppose 0*c - 12 = 2*c + 4*n, 0 = -n + 4. Let l be (c/7)/(2/(-10)). Let v = 31 + -11. What is the greatest common factor of l and v?
10
Let f be 183/9 + 6/(-18). Let g = -141 + 37. Let b = 164 + g. What is the greatest common factor of b and f?
20
Let b(i) = i**2 + 2*i - 2. Let s = 1 + -3. Let w be b(s). Let n be 0 + w + 0 - -107. What is the highest common divisor of 15 and n?
15
Suppose w + 4*w - 28 = 3*q, -w - 4*q + 24 = 0. Let d(n) = -10*n - 12. Let j be d(-10). What is the highest common divisor of w and j?
8
Let d(o) = -o**3 - 3*o**2 + 3*o - 1. Let h be d(-4). Suppose h*n - 10 = 17. What is the highest common factor of 63 and n?
9
Let k = 35 - 14. Suppose 0 = 2*i - 0*i - 6. What is the highest common factor of i and k?
3
Suppose 4*p - 180 = 4*k, 0 = -p - k - 2*k + 65. Let u(n) = n + 10. Let g be 2/(1 - -1) + -1. Let r be u(g). Calculate the greatest common factor of p and r.
10
Let s(r) = 2*r**2 + r - 4. Let m be s(-3). Suppose 0 = u + 4*v - 351, -3*v - 4 = 5. Suppose u = 3*q - 0*q. Calculate the greatest common divisor of q and m.
11
Let i be 27/(-36) - ((-623)/4 + -1). Calculate the highest common divisor of i and 39.
39
Suppose -d - 2 + 5 = 0. Suppose -d*g + 4*o + 81 = -79, 2*o = 4*g - 220. What is the highest common divisor of g and 7?
7
Let o be (-2 + (-82)/(-4))*2. Calculate the highest common divisor of 407 and o.
37
Let r(f) = -f**2 - 11*f + 8. Let n be r(-11). Calculate the highest common factor of 64 and n.
8
Let u(w) = 2*w**2 - 6*w + 9. Let b be u(4). What is the greatest common divisor of b and 85?
17
Let u be (-4)/(-22) - 93/(-33). Suppose -u*r + 2 = 2*j - 25, 0 = -2*j. Calculate the greatest common factor of 3 and r.
3
Let d be (-104)/4*(-2)/4. What is the greatest common divisor of 65 and d?
13
Let j(i) = i. Let s(u) = -u**2 + 9*u - 3. Let d(w) = 4*j(w) - s(w). Let x be d(4). Let h be (x/1)/1*-60. What is the highest common factor of 24 and h?
12
Let q be 5*((-55)/25)/(-1). Calculate the highest common divisor of q and 143.
11
Let z = -6 + 30. Suppose 0 = 5*w - 2*k + 3*k - 298, 3*k = 3*w - 186. Calculate the greatest common divisor of w and z.
12
Let t be -5 + 7 - (2 - 4). Calculate the highest common factor of t and 16.
4
Let d = -4 - -6. Let k = 17 - 10. Let b = 27 - k. Calculate the highest common divisor of d and b.
2
Let k(p) = 2*p - 1. Let w be k(1). Let u = w + 9. What is the greatest common divisor of 80 and u?
10
Let t = 6004 - 3871. Suppose t = -4*c + 165. Let b be (-2)/(-6) + c/(-9). Calculate the highest common divisor of b and 22.
11
Let d = 6 - 2. Suppose d = f - 1. Suppose 3*o - 2*q - 2*q - 14 = 0, f*q - 11 = -o. Calculate the highest common factor of o and 6.
6
Let k(z) = 12*z. Let j be k(3). Calculate the highest common divisor of j and 12.
12
Let h be 18/22 + -1 - 532/(-22). What is the greatest common divisor of 36 and h?
12
Let g(c) = c**2 - 5*c. Let w be g(5). Let n be 8 + (w - -6)/(-3). Calculate the greatest common factor of 12 and n.
6
Let k = 79 + 97. Calculate the highest common divisor of k and 22.
22
Suppose -2*l + 3*n = 3, -5*n = l - 4*l - 6. Let m be (1956/(-10))/(-6) - (-2)/5. Calculate the highest common divisor of l and m.
3
Suppose -t + 15 = -2*z, -5*t + 0*z + 57 = -z. Suppose 0 = 4*g + 17*f - 19*f - 96, 3*f - 54 = -3*g. What is the highest common factor of t and g?
11
Let b = 108 - 72. Calculate the highest common divisor of b and 4.
4
Let o(k) = -4*k - 3. Let z be o(-9). Let t = 43 + z. What is the highest common divisor of 19 and t?
19
Let k be (4 + -22)*(-4)/3. What is the highest common factor of 168 and k?
24
Let t(i) = -61*i - 1. Let v be t(-1). Let d = 64 - 40. What is the highest common divisor of d and v?
12
Let c be 2577/18 + 10/(-60). Let j(r) = -r**3 - 6*r**2 - r + 7. Let v be j(-6). What is the highest common divisor of v and c?
13
Let p = -94 - -139. Suppose 3*c - p = -0*c. Calculate the greatest common factor of c and 120.
15
Let g be 6/21 - 204/(-21). Suppose 4*j + g = -j. Let l be ((-36)/27)/(j/39). Calculate the greatest common divisor of 13 and l.
13
Suppose 5*u = 57 + 23. Suppose -15 - 10 = -5*a. Suppose -2*h + 6 = 4*c + c, -a*h - 18 = -4*c. Calculate the highest common divisor of c and u.
2
Suppose m = -3*m + 228. What is the highest common factor of m and 38?
19
Let d(n) = 2*n**3 - 9*n**2 + 3*n. Let c be d(6). Calculate the highest common factor of 14 and c.
14
Suppose 2*g - 7 = 5*i + 22, 2*g - 19 = 3*i. Let x(d) = 4 - 1 - g*d + 5. Let b be x(-6). Calculate the highest common divisor of 8 and b.
4
Let r(q) = 3*q + 8. Let l be r(-7). Let t = l - -27. Let p = -218 - -372. Calculate the greatest common factor of t and p.
14
Let r = -6 + -81. Let i = -27 - r. What is the greatest common divisor of 15 and i?
15
Suppose -2*k + 16 + 14 = 0. What is the greatest common divisor of 3 and k?
3
Let h be ((-30)/(-8))/((-4)/(-96)). Calculate the greatest common factor of 36 and h.
18
Let r(m) = 6*m + 2. Let x be r(3). Calculate the greatest common divisor of 10 and x.
10
Let v be 2 - (0/4 - 163). Calculate the greatest common factor of 15 and v.
15
Let c = 18 + -10. Let t be (2/3)/((-6)/(-9)). Suppose 5*k - t = 4*k. Calculate the greatest common factor of k and c.
1
Let h = 15 + -10. Suppose h*o = 0, -3*q - 4*o + 6 = -12. What is the highest common factor of 42 and q?
6
Let p = 12 - 7. Suppose 5*s + 2*m = 107, 20 = -p*s - 3*m + 128. What is the greatest common factor of 7 and s?
7
Let r be 2 + -2 - (-1 - 6). Calculate the highest common factor of r and 7.
7
Suppose -4*o + 39 = -21. What is the highest common factor of 405 and o?
15
Let q be -4*(-2 - 0/(-2)). Suppose 2*z = 2*w - 4*w + 4, -4*z = w - 11. Let j be (-8)/z*(-3)/1. Calculate the highest common divisor of j and q.
8
Let y be 6 + 3 - (1 - -2). What is the highest common factor of 48 and y?
6
Suppose -5*v + 52 = -4*s + 10, v = -2*s - 14. Let u be 316/16 - 2/s. Calculate the highest common factor of 80 and u.
20
Let t = -187 - -319. Let u = 39 - 11. Suppose 4*o + 5*r - u = 0, 4*r = 3*o + 2 - 54. Calculate the greatest common divisor of o and t.
12
Let o(r) = r**3 - r**2 + r. Let j(u) = -21*u**3 + 4*u**2 - 2*u + 2. Let i(f) = j(f) + 5*o(f). Let y be i(-2). What is the highest common divisor of y and 15?
15
Let g be (1 + (-4)/6)*105. Suppose -2*q - 2 + 30 = 0. Calculate the highest common factor of q and g.
7
Let m(c) = 2*c**2 + c**2 + 2*c**2 - 1 - c**2. Let u be m(-1). Let t be (112/(-12))/((-2)/u). Calculate the greatest common divisor of t and 98.
14
Let c(r) = -21*r - 4. Let b(x) = 20*x + 3. Let p(n) = -3*b(n) - 2*c(n). Let m = 3 - 4. Let d be p(m). Calculate the highest common factor of 136 and d.
17
Let l = -64 - -94. What is the highest common divisor of 30 and l?
30
Suppose -4*w - 2*g + 16 = 2, -10 = 2*g. Calculate the highest common factor of w and 2.
2
Let h(g) = -g**3 - 2*g**2 - 4*g - 3. Let l be h(-2). Let c = l + 17. Let b = c - -48. What is the greatest common divisor of 14 and b?
14
Suppose -2*d = -7*d + 20. Suppose 684 = d*n + 5*s, n = -n + 4*s + 342. Let w = -99 + n. Calculate the highest common factor of w and 9.
9
Let j = 11 + -3. Let l = -61 - -114. Let m = -21 + l. What is the greatest common factor of m and j?
8
Let g(c) = 